{"id":834,"date":"2017-03-23T12:04:06","date_gmt":"2017-03-23T11:04:06","guid":{"rendered":"http:\/\/www.azabache-flamenco.de\/wordpress\/?page_id=834"},"modified":"2025-05-15T11:44:15","modified_gmt":"2025-05-15T09:44:15","slug":"impressum","status":"publish","type":"page","link":"https:\/\/www.azabache-flamenco.de\/wordpress\/impressum\/","title":{"rendered":"IMPRESSUM"},"content":{"rendered":"<table cellspacing=\"0\" cellpadding=\"0\">\n<tbody>\n<tr>\n<td class=\"td1\" valign=\"top\">\n<p class=\"p1\"><span class=\"s1\"><b>azabache FLAMENCO<\/b><\/span><\/p>\n<p class=\"p2\"><span class=\"s1\">F\u00fcrbringerstr. 12<\/span><\/p>\n<p class=\"p2\"><span class=\"s1\">D -10961 Berlin<\/span><\/p>\n<p class=\"p2\"><span class=\"s1\">Tel: 030 \/ 6912017<\/span><\/p>\n<p class=\"p3\"><span class=\"s2\">eMail: <a href=\"mailto:info@azabache-flamenco.de\"><span class=\"s3\"><b>info@azabache-flamenco.de<\/b><\/span><\/a><\/span><\/p>\n<p class=\"p2\"><span class=\"s1\">Inhaltlich verantwortlich gem\u00e4\u00df \u00a7 18 Abs. 2 MStV: <\/span><\/p>\n<p class=\"p2\"><span class=\"s1\">Jo\u00eblle Guerrero &amp; La Mona (Anschrift wie oben)<\/span><\/p>\n<p class=\"p2\"><span class=\"s1\"><b>Webdesign:<\/b> Jo Jacobs <a href=\"http:\/\/www.ic-multimedia.de\/\"><span class=\"s4\"><b>www.ic-multimedia.de<\/b><\/span><\/a><\/span><\/p>\n<p class=\"p2\"><span class=\"s1\"><b>Fotos auf dieser Webseite:<\/b><\/span><\/p>\n<p class=\"p2\"><span class=\"s1\">Fabian Dill, Ullrich Gessner, Daniela Incoronato, Carsten Jost, Thomas Kiehl, Lucas Nagel, Marko Priske\/spot, Siera, Volkhard<\/span><\/p>\n<p class=\"p2\"><span class=\"s1\">\u00a0<\/span><\/p>\n<p class=\"p5\"><span class=\"s1\">Haftungshinweis:<\/span><\/p>\n<p class=\"p5\"><span class=\"s1\">Trotz sorgf\u00e4ltiger inhaltlicher Kontrolle \u00fcbernehmen wir keine Haftung f\u00fcr die <\/span><\/p>\n<p class=\"p5\"><span class=\"s1\">Inhalte externer Links. F\u00fcr den Inhalt der verlinkten Seiten sind ausschlie\u00dflich <\/span><\/p>\n<p class=\"p5\"><span class=\"s1\">deren Betreiber verantwortlich. \u00a92018 Joelle Guerrero \/ La Mona<\/span><\/p>\n<p>N\u00e4here Informationen unter <a href=\"http:\/\/www.azabache-flamenco.de\/wordpress\/datenschutz\/\">DATENSCHUTZ<\/a><\/td>\n<\/tr>\n<\/tbody>\n<\/table>\n","protected":false},"excerpt":{"rendered":"<p>azabache FLAMENCO F\u00fcrbringerstr. 12 D -10961 Berlin Tel: 030 \/ 6912017 eMail: info@azabache-flamenco.de Inhaltlich verantwortlich gem\u00e4\u00df \u00a7 18 Abs. 2 MStV: Jo\u00eblle Guerrero &amp; La Mona (Anschrift wie oben) Webdesign: Jo Jacobs www.ic-multimedia.de Fotos auf dieser Webseite: Fabian Dill, Ullrich Gessner, Daniela Incoronato, Carsten Jost, Thomas Kiehl, Lucas Nagel, Marko Priske\/spot, Siera, Volkhard \u00a0 Haftungshinweis: &hellip; <\/p>\n<p class=\"link-more\"><a href=\"https:\/\/www.azabache-flamenco.de\/wordpress\/impressum\/\" class=\"more-link\"><span class=\"screen-reader-text\">\u201eIMPRESSUM\u201c <\/span>weiterlesen<\/a><\/p>\n","protected":false},"author":1,"featured_media":0,"parent":0,"menu_order":0,"comment_status":"closed","ping_status":"closed","template":"","meta":{"_bbp_topic_count":0,"_bbp_reply_count":0,"_bbp_total_topic_count":0,"_bbp_total_reply_count":0,"_bbp_voice_count":0,"_bbp_anonymous_reply_count":0,"_bbp_topic_count_hidden":0,"_bbp_reply_count_hidden":0,"_bbp_forum_subforum_count":0,"jetpack_post_was_ever_published":false,"footnotes":""},"class_list":["post-834","page","type-page","status-publish","hentry"],"jetpack_sharing_enabled":true,"jetpack_shortlink":"https:\/\/wp.me\/P8gvdT-ds","jetpack-related-posts":[{"id":696,"url":"https:\/\/www.azabache-flamenco.de\/wordpress\/pressefotos\/","url_meta":{"origin":834,"position":0},"title":"PRESSEFOTOS DOWNLOAD","author":"admin","date":"17. M\u00e4rz 2017","format":false,"excerpt":"Abdruck nur mit Nennung der Fotografen","rel":"","context":"\u00c4hnlicher Beitrag","block_context":{"text":"\u00c4hnlicher Beitrag","link":""},"img":{"alt_text":"azabache Flamenco: La Mona, Foto: Marko Priske","src":"https:\/\/i0.wp.com\/www.azabache-flamenco.de\/wordpress\/wp-content\/uploads\/2017\/03\/La-Mona-rot.jpg?resize=350%2C200","width":350,"height":200,"srcset":"https:\/\/i0.wp.com\/www.azabache-flamenco.de\/wordpress\/wp-content\/uploads\/2017\/03\/La-Mona-rot.jpg?resize=350%2C200 1x, https:\/\/i0.wp.com\/www.azabache-flamenco.de\/wordpress\/wp-content\/uploads\/2017\/03\/La-Mona-rot.jpg?resize=525%2C300 1.5x, https:\/\/i0.wp.com\/www.azabache-flamenco.de\/wordpress\/wp-content\/uploads\/2017\/03\/La-Mona-rot.jpg?resize=700%2C400 2x, https:\/\/i0.wp.com\/www.azabache-flamenco.de\/wordpress\/wp-content\/uploads\/2017\/03\/La-Mona-rot.jpg?resize=1050%2C600 3x"},"classes":[]},{"id":101,"url":"https:\/\/www.azabache-flamenco.de\/wordpress\/kontakt\/","url_meta":{"origin":834,"position":1},"title":"KONTAKT","author":"admin","date":"16. Dezember 2016","format":false,"excerpt":"azabache Flamenco Postadresse: F\u00fcrbringerstr. 12, 10961 Berlin Telefon: +49 30 \/ 6912017 Joelle Guerrero: +49 172 \/ 1879010 La Mona: +49 1577 \/ 9759074 E-Mail an azabache FLAMENCO:","rel":"","context":"\u00c4hnlicher Beitrag","block_context":{"text":"\u00c4hnlicher Beitrag","link":""},"img":{"alt_text":"","src":"","width":0,"height":0},"classes":[]},{"id":31,"url":"https:\/\/www.azabache-flamenco.de\/wordpress\/","url_meta":{"origin":834,"position":2},"title":"azabache FLAMENCO","author":"admin","date":"29. November 2016","format":false,"excerpt":"","rel":"","context":"\u00c4hnlicher Beitrag","block_context":{"text":"\u00c4hnlicher Beitrag","link":""},"img":{"alt_text":"","src":"","width":0,"height":0},"classes":[]},{"id":91,"url":"https:\/\/www.azabache-flamenco.de\/wordpress\/konzerte\/","url_meta":{"origin":834,"position":3},"title":"KONZERTE","author":"admin","date":"16. Dezember 2016","format":false,"excerpt":"azabache - Tour 2024 schon vorbei.... \u00a0","rel":"","context":"\u00c4hnlicher Beitrag","block_context":{"text":"\u00c4hnlicher Beitrag","link":""},"img":{"alt_text":"","src":"https:\/\/i0.wp.com\/www.azabache-flamenco.de\/wordpress\/wp-content\/uploads\/2024\/01\/azabachePhilharmonie-217x300.jpg?resize=350%2C200&ssl=1","width":350,"height":200},"classes":[]},{"id":2230,"url":"https:\/\/www.azabache-flamenco.de\/wordpress\/media\/azabache-tv\/","url_meta":{"origin":834,"position":4},"title":"azabache TV","author":"admin","date":"21. Januar 2020","format":false,"excerpt":"\u00a0","rel":"","context":"\u00c4hnlicher Beitrag","block_context":{"text":"\u00c4hnlicher Beitrag","link":""},"img":{"alt_text":"","src":"","width":0,"height":0},"classes":[]},{"id":687,"url":"https:\/\/www.azabache-flamenco.de\/wordpress\/presse\/","url_meta":{"origin":834,"position":5},"title":"PRESSE","author":"admin","date":"17. M\u00e4rz 2017","format":false,"excerpt":"Pressestimmen Flamenco ist keine Folklore, sondern ein Lebensgef\u00fchl - PURA VIDA holt es nach Berlin.Berliner Zeitung Temperamentvolle T\u00e4nze und leidenschaftliche Flamenco-Musik begeisterte das Publikum...Hamburger Abendblatt PURA VIDA verzauberte mit feurigem Flamenco!Ahrensberger Zeitung PURA VIDA brachte reine Lebensfreude in den prallgef\u00fcllten Raum...Badische Zeitung Spanische Kultur vom Feinsten begeisterte das Publikum...Mittelbadische Presse\u2026","rel":"","context":"\u00c4hnlicher Beitrag","block_context":{"text":"\u00c4hnlicher Beitrag","link":""},"img":{"alt_text":"","src":"","width":0,"height":0},"classes":[]}],"_links":{"self":[{"href":"https:\/\/www.azabache-flamenco.de\/wordpress\/wp-json\/wp\/v2\/pages\/834","targetHints":{"allow":["GET"]}}],"collection":[{"href":"https:\/\/www.azabache-flamenco.de\/wordpress\/wp-json\/wp\/v2\/pages"}],"about":[{"href":"https:\/\/www.azabache-flamenco.de\/wordpress\/wp-json\/wp\/v2\/types\/page"}],"author":[{"embeddable":true,"href":"https:\/\/www.azabache-flamenco.de\/wordpress\/wp-json\/wp\/v2\/users\/1"}],"replies":[{"embeddable":true,"href":"https:\/\/www.azabache-flamenco.de\/wordpress\/wp-json\/wp\/v2\/comments?post=834"}],"version-history":[{"count":7,"href":"https:\/\/www.azabache-flamenco.de\/wordpress\/wp-json\/wp\/v2\/pages\/834\/revisions"}],"predecessor-version":[{"id":4052,"href":"https:\/\/www.azabache-flamenco.de\/wordpress\/wp-json\/wp\/v2\/pages\/834\/revisions\/4052"}],"wp:attachment":[{"href":"https:\/\/www.azabache-flamenco.de\/wordpress\/wp-json\/wp\/v2\/media?parent=834"}],"curies":[{"name":"wp","href":"https:\/\/api.w.org\/{rel}","templated":true}]}}