{"id":696,"date":"2017-03-17T10:59:36","date_gmt":"2017-03-17T09:59:36","guid":{"rendered":"http:\/\/www.azabache-flamenco.de\/wordpress\/?page_id=696"},"modified":"2017-03-17T11:06:00","modified_gmt":"2017-03-17T10:06:00","slug":"pressefotos","status":"publish","type":"page","link":"https:\/\/www.azabache-flamenco.de\/wordpress\/pressefotos\/","title":{"rendered":"PRESSEFOTOS DOWNLOAD"},"content":{"rendered":"<div data-carousel-extra='{&quot;blog_id&quot;:1,&quot;permalink&quot;:&quot;https:\/\/www.azabache-flamenco.de\/wordpress\/pressefotos\/&quot;}' id='gallery-1' class='gallery galleryid-696 gallery-columns-2 gallery-size-large'><figure class='gallery-item'>\n\t\t\t<div class='gallery-icon portrait'>\n\t\t\t\t<a href=\"https:\/\/i0.wp.com\/www.azabache-flamenco.de\/wordpress\/wp-content\/uploads\/2017\/03\/La-Mona-rot.jpg?ssl=1\"><img loading=\"lazy\" decoding=\"async\" width=\"525\" height=\"844\" src=\"https:\/\/i0.wp.com\/www.azabache-flamenco.de\/wordpress\/wp-content\/uploads\/2017\/03\/La-Mona-rot.jpg?fit=525%2C844&amp;ssl=1\" class=\"attachment-large size-large\" alt=\"azabache Flamenco: La Mona, Foto: Marko Priske\" aria-describedby=\"gallery-1-693\" srcset=\"https:\/\/i0.wp.com\/www.azabache-flamenco.de\/wordpress\/wp-content\/uploads\/2017\/03\/La-Mona-rot.jpg?w=1181&amp;ssl=1 1181w, https:\/\/i0.wp.com\/www.azabache-flamenco.de\/wordpress\/wp-content\/uploads\/2017\/03\/La-Mona-rot.jpg?resize=187%2C300&amp;ssl=1 187w, https:\/\/i0.wp.com\/www.azabache-flamenco.de\/wordpress\/wp-content\/uploads\/2017\/03\/La-Mona-rot.jpg?resize=768%2C1235&amp;ssl=1 768w, https:\/\/i0.wp.com\/www.azabache-flamenco.de\/wordpress\/wp-content\/uploads\/2017\/03\/La-Mona-rot.jpg?resize=637%2C1024&amp;ssl=1 637w, https:\/\/i0.wp.com\/www.azabache-flamenco.de\/wordpress\/wp-content\/uploads\/2017\/03\/La-Mona-rot.jpg?w=1050&amp;ssl=1 1050w\" sizes=\"auto, 100vw\" data-attachment-id=\"693\" data-permalink=\"https:\/\/www.azabache-flamenco.de\/wordpress\/la-mona-rot\/\" data-orig-file=\"https:\/\/i0.wp.com\/www.azabache-flamenco.de\/wordpress\/wp-content\/uploads\/2017\/03\/La-Mona-rot.jpg?fit=1181%2C1899&amp;ssl=1\" data-orig-size=\"1181,1899\" data-comments-opened=\"0\" data-image-meta=\"{&quot;aperture&quot;:&quot;0&quot;,&quot;credit&quot;:&quot;&quot;,&quot;camera&quot;:&quot;&quot;,&quot;caption&quot;:&quot;&quot;,&quot;created_timestamp&quot;:&quot;0&quot;,&quot;copyright&quot;:&quot;&quot;,&quot;focal_length&quot;:&quot;0&quot;,&quot;iso&quot;:&quot;0&quot;,&quot;shutter_speed&quot;:&quot;0&quot;,&quot;title&quot;:&quot;&quot;,&quot;orientation&quot;:&quot;1&quot;}\" data-image-title=\"La-Mona-rot\" data-image-description=\"&lt;p&gt;azabache Flamenco: La Mona, Foto: Marko Priske&lt;\/p&gt;\n\" data-image-caption=\"&lt;p&gt;azabache Flamenco:&lt;br \/&gt;\nLa Mona,&lt;br \/&gt;\nFoto: Marko Priske&lt;\/p&gt;\n\" data-large-file=\"https:\/\/i0.wp.com\/www.azabache-flamenco.de\/wordpress\/wp-content\/uploads\/2017\/03\/La-Mona-rot.jpg?fit=525%2C844&amp;ssl=1\" \/><\/a>\n\t\t\t<\/div>\n\t\t\t\t<figcaption class='wp-caption-text gallery-caption' id='gallery-1-693'>\n\t\t\t\tazabache Flamenco: \nLa Mona,\nFoto: Marko Priske\n\t\t\t\t<\/figcaption><\/figure><figure class='gallery-item'>\n\t\t\t<div class='gallery-icon portrait'>\n\t\t\t\t<a href=\"https:\/\/i0.wp.com\/www.azabache-flamenco.de\/wordpress\/wp-content\/uploads\/2017\/03\/joelle_guerrero-5458.jpg?ssl=1\"><img loading=\"lazy\" decoding=\"async\" width=\"525\" height=\"768\" src=\"https:\/\/i0.wp.com\/www.azabache-flamenco.de\/wordpress\/wp-content\/uploads\/2017\/03\/joelle_guerrero-5458.jpg?fit=525%2C768&amp;ssl=1\" class=\"attachment-large size-large\" alt=\"azabache Flamenco: Jo\u00eblle Guerrero, Foto: Daniela Incoronato\" aria-describedby=\"gallery-1-692\" srcset=\"https:\/\/i0.wp.com\/www.azabache-flamenco.de\/wordpress\/wp-content\/uploads\/2017\/03\/joelle_guerrero-5458.jpg?w=1535&amp;ssl=1 1535w, https:\/\/i0.wp.com\/www.azabache-flamenco.de\/wordpress\/wp-content\/uploads\/2017\/03\/joelle_guerrero-5458.jpg?resize=205%2C300&amp;ssl=1 205w, https:\/\/i0.wp.com\/www.azabache-flamenco.de\/wordpress\/wp-content\/uploads\/2017\/03\/joelle_guerrero-5458.jpg?resize=768%2C1123&amp;ssl=1 768w, https:\/\/i0.wp.com\/www.azabache-flamenco.de\/wordpress\/wp-content\/uploads\/2017\/03\/joelle_guerrero-5458.jpg?resize=700%2C1024&amp;ssl=1 700w, https:\/\/i0.wp.com\/www.azabache-flamenco.de\/wordpress\/wp-content\/uploads\/2017\/03\/joelle_guerrero-5458.jpg?w=1050&amp;ssl=1 1050w\" sizes=\"auto, 100vw\" data-attachment-id=\"692\" data-permalink=\"https:\/\/www.azabache-flamenco.de\/wordpress\/joelle_guerrero-5458\/\" data-orig-file=\"https:\/\/i0.wp.com\/www.azabache-flamenco.de\/wordpress\/wp-content\/uploads\/2017\/03\/joelle_guerrero-5458.jpg?fit=1535%2C2244&amp;ssl=1\" data-orig-size=\"1535,2244\" data-comments-opened=\"0\" data-image-meta=\"{&quot;aperture&quot;:&quot;4.5&quot;,&quot;credit&quot;:&quot;&quot;,&quot;camera&quot;:&quot;Canon EOS 20D&quot;,&quot;caption&quot;:&quot;&quot;,&quot;created_timestamp&quot;:&quot;1107179510&quot;,&quot;copyright&quot;:&quot;&quot;,&quot;focal_length&quot;:&quot;43&quot;,&quot;iso&quot;:&quot;100&quot;,&quot;shutter_speed&quot;:&quot;0.005&quot;,&quot;title&quot;:&quot;&quot;,&quot;orientation&quot;:&quot;1&quot;}\" data-image-title=\"joelle_guerrero-5458\" data-image-description=\"&lt;p&gt;azabache Flamenco: Jo\u00eblle Guerrero, Foto: Daniela Incoronato&lt;\/p&gt;\n\" data-image-caption=\"&lt;p&gt;azabache Flamenco:&lt;br \/&gt;\nJo\u00eblle Guerrero,&lt;br \/&gt;\nFoto: Daniela Incoronato&lt;\/p&gt;\n\" data-large-file=\"https:\/\/i0.wp.com\/www.azabache-flamenco.de\/wordpress\/wp-content\/uploads\/2017\/03\/joelle_guerrero-5458.jpg?fit=525%2C768&amp;ssl=1\" \/><\/a>\n\t\t\t<\/div>\n\t\t\t\t<figcaption class='wp-caption-text gallery-caption' id='gallery-1-692'>\n\t\t\t\tazabache Flamenco: \nJo\u00eblle Guerrero,\nFoto: Daniela Incoronato\n\t\t\t\t<\/figcaption><\/figure>\n\t\t<\/div>\n\n<p>Abdruck nur mit Nennung der Fotografen<\/p>\n","protected":false},"excerpt":{"rendered":"<p>Abdruck nur mit Nennung der Fotografen<\/p>\n","protected":false},"author":1,"featured_media":0,"parent":0,"menu_order":0,"comment_status":"closed","ping_status":"closed","template":"","meta":{"_bbp_topic_count":0,"_bbp_reply_count":0,"_bbp_total_topic_count":0,"_bbp_total_reply_count":0,"_bbp_voice_count":0,"_bbp_anonymous_reply_count":0,"_bbp_topic_count_hidden":0,"_bbp_reply_count_hidden":0,"_bbp_forum_subforum_count":0,"jetpack_post_was_ever_published":false,"footnotes":""},"class_list":["post-696","page","type-page","status-publish","hentry"],"jetpack_sharing_enabled":true,"jetpack_shortlink":"https:\/\/wp.me\/P8gvdT-be","jetpack-related-posts":[{"id":687,"url":"https:\/\/www.azabache-flamenco.de\/wordpress\/presse\/","url_meta":{"origin":696,"position":0},"title":"PRESSE","author":"admin","date":"17. M\u00e4rz 2017","format":false,"excerpt":"Pressestimmen Flamenco ist keine Folklore, sondern ein Lebensgef\u00fchl - PURA VIDA holt es nach Berlin.Berliner Zeitung Temperamentvolle T\u00e4nze und leidenschaftliche Flamenco-Musik begeisterte das Publikum...Hamburger Abendblatt PURA VIDA verzauberte mit feurigem Flamenco!Ahrensberger Zeitung PURA VIDA brachte reine Lebensfreude in den prallgef\u00fcllten Raum...Badische Zeitung Spanische Kultur vom Feinsten begeisterte das Publikum...Mittelbadische Presse\u2026","rel":"","context":"\u00c4hnlicher Beitrag","block_context":{"text":"\u00c4hnlicher Beitrag","link":""},"img":{"alt_text":"","src":"","width":0,"height":0},"classes":[]},{"id":1768,"url":"https:\/\/www.azabache-flamenco.de\/wordpress\/datenschutz\/","url_meta":{"origin":696,"position":1},"title":"Datenschutzerkl\u00e4rung","author":"admin","date":"25. Mai 2018","format":false,"excerpt":"DATENSCHUTZ 1. Datenschutz auf einen Blick Allgemeine Hinweise Die folgenden Hinweise geben einen einfachen \u00dcberblick dar\u00fcber, was mit Ihren personenbezogenen Daten passiert, wenn Sie unsere Website besuchen. Personenbezogene Daten sind alle Daten, mit denen Sie pers\u00f6nlich identifiziert werden k\u00f6nnen. Ausf\u00fchrliche Informationen zum Thema Datenschutz entnehmen Sie unserer unter diesem Text\u2026","rel":"","context":"\u00c4hnlicher Beitrag","block_context":{"text":"\u00c4hnlicher Beitrag","link":""},"img":{"alt_text":"","src":"","width":0,"height":0},"classes":[]},{"id":1445,"url":"https:\/\/www.azabache-flamenco.de\/wordpress\/ferien-de\/","url_meta":{"origin":696,"position":2},"title":"Flamencoferien in Bolonia","author":"admin","date":"6. Juli 2017","format":false,"excerpt":"Bolonia, Tarifa, Andalusien, direkt am Meer Das Projekt \u201eFlamencoferien in Bolonia\u201c entstand im Mai 1996. Im Mai 2026 feiern wir das Jubil\u00e4um \"30 Jahre Bolonia\"! Das spanische Bolonia ist wie ein kleines Paradies. Im Hostal \"Los Jerezanos\" f\u00fchlt man sich sehr schnell zu Hause und man ist \u00fcberrascht von der\u2026","rel":"","context":"\u00c4hnlicher Beitrag","block_context":{"text":"\u00c4hnlicher Beitrag","link":""},"img":{"alt_text":"","src":"https:\/\/i0.wp.com\/www.azabache-flamenco.de\/wordpress\/wp-content\/uploads\/2017\/03\/que_bueno_el_vino_fino.jpg?fit=756%2C640&ssl=1&resize=350%2C200","width":350,"height":200,"srcset":"https:\/\/i0.wp.com\/www.azabache-flamenco.de\/wordpress\/wp-content\/uploads\/2017\/03\/que_bueno_el_vino_fino.jpg?fit=756%2C640&ssl=1&resize=350%2C200 1x, https:\/\/i0.wp.com\/www.azabache-flamenco.de\/wordpress\/wp-content\/uploads\/2017\/03\/que_bueno_el_vino_fino.jpg?fit=756%2C640&ssl=1&resize=525%2C300 1.5x, https:\/\/i0.wp.com\/www.azabache-flamenco.de\/wordpress\/wp-content\/uploads\/2017\/03\/que_bueno_el_vino_fino.jpg?fit=756%2C640&ssl=1&resize=700%2C400 2x"},"classes":[]},{"id":1592,"url":"https:\/\/www.azabache-flamenco.de\/wordpress\/ferien-en\/","url_meta":{"origin":696,"position":3},"title":"Flamenco Course in Bolonia","author":"admin","date":"17. August 2017","format":false,"excerpt":"In Bolonia (Tarifa) on the south-west coast of Andalusia Dance, Guitar and Singing Workshop Our Projekt \u201eFlamencoferien\u201c started in May 1996. In May 2026 we will celebrate the anniversary \"30 years of Bolonia\"! Bolonia is like a small paradise. The owners from the Hostal are very kind and you can\u2026","rel":"","context":"\u00c4hnlicher Beitrag","block_context":{"text":"\u00c4hnlicher Beitrag","link":""},"img":{"alt_text":"","src":"https:\/\/i0.wp.com\/www.azabache-flamenco.de\/wordpress\/wp-content\/uploads\/2017\/05\/flamencoferien-008.jpg?resize=350%2C200","width":350,"height":200,"srcset":"https:\/\/i0.wp.com\/www.azabache-flamenco.de\/wordpress\/wp-content\/uploads\/2017\/05\/flamencoferien-008.jpg?resize=350%2C200 1x, https:\/\/i0.wp.com\/www.azabache-flamenco.de\/wordpress\/wp-content\/uploads\/2017\/05\/flamencoferien-008.jpg?resize=525%2C300 1.5x, https:\/\/i0.wp.com\/www.azabache-flamenco.de\/wordpress\/wp-content\/uploads\/2017\/05\/flamencoferien-008.jpg?resize=700%2C400 2x, https:\/\/i0.wp.com\/www.azabache-flamenco.de\/wordpress\/wp-content\/uploads\/2017\/05\/flamencoferien-008.jpg?resize=1050%2C600 3x"},"classes":[]},{"id":2230,"url":"https:\/\/www.azabache-flamenco.de\/wordpress\/media\/azabache-tv\/","url_meta":{"origin":696,"position":4},"title":"azabache TV","author":"admin","date":"21. Januar 2020","format":false,"excerpt":"\u00a0","rel":"","context":"\u00c4hnlicher Beitrag","block_context":{"text":"\u00c4hnlicher Beitrag","link":""},"img":{"alt_text":"","src":"","width":0,"height":0},"classes":[]},{"id":643,"url":"https:\/\/www.azabache-flamenco.de\/wordpress\/vita-azabache\/","url_meta":{"origin":696,"position":5},"title":"Vita azabache Flamenco","author":"admin","date":"17. M\u00e4rz 2017","format":false,"excerpt":"2025 Sommer-Workshop\u00a0 \u201eKlein Bolonia\u201c zum sechsten Mal in Tacken, Brandenburg auf dem Hof von Guido El Tallo. Mit dabei Valle Monje und Luis El Peluca.\u00a0 Und nat\u00fcrlich Doris aus Eckernf\u00f6rde Recital in der kleinen, feinen Kirche von Tacken mit Luis (cante) und Valle\u00a0 (guitarra) Flamencoferien in Bolonia\u00a0 im Mai und\u2026","rel":"","context":"\u00c4hnlicher Beitrag","block_context":{"text":"\u00c4hnlicher Beitrag","link":""},"img":{"alt_text":"","src":"https:\/\/i0.wp.com\/www.azabache-flamenco.de\/wordpress\/wp-content\/uploads\/2026\/01\/Klein-Bolonia-2025-158-scaled.jpg?resize=350%2C200","width":350,"height":200,"srcset":"https:\/\/i0.wp.com\/www.azabache-flamenco.de\/wordpress\/wp-content\/uploads\/2026\/01\/Klein-Bolonia-2025-158-scaled.jpg?resize=350%2C200 1x, https:\/\/i0.wp.com\/www.azabache-flamenco.de\/wordpress\/wp-content\/uploads\/2026\/01\/Klein-Bolonia-2025-158-scaled.jpg?resize=525%2C300 1.5x, https:\/\/i0.wp.com\/www.azabache-flamenco.de\/wordpress\/wp-content\/uploads\/2026\/01\/Klein-Bolonia-2025-158-scaled.jpg?resize=700%2C400 2x, https:\/\/i0.wp.com\/www.azabache-flamenco.de\/wordpress\/wp-content\/uploads\/2026\/01\/Klein-Bolonia-2025-158-scaled.jpg?resize=1050%2C600 3x, https:\/\/i0.wp.com\/www.azabache-flamenco.de\/wordpress\/wp-content\/uploads\/2026\/01\/Klein-Bolonia-2025-158-scaled.jpg?resize=1400%2C800 4x"},"classes":[]}],"_links":{"self":[{"href":"https:\/\/www.azabache-flamenco.de\/wordpress\/wp-json\/wp\/v2\/pages\/696","targetHints":{"allow":["GET"]}}],"collection":[{"href":"https:\/\/www.azabache-flamenco.de\/wordpress\/wp-json\/wp\/v2\/pages"}],"about":[{"href":"https:\/\/www.azabache-flamenco.de\/wordpress\/wp-json\/wp\/v2\/types\/page"}],"author":[{"embeddable":true,"href":"https:\/\/www.azabache-flamenco.de\/wordpress\/wp-json\/wp\/v2\/users\/1"}],"replies":[{"embeddable":true,"href":"https:\/\/www.azabache-flamenco.de\/wordpress\/wp-json\/wp\/v2\/comments?post=696"}],"version-history":[{"count":4,"href":"https:\/\/www.azabache-flamenco.de\/wordpress\/wp-json\/wp\/v2\/pages\/696\/revisions"}],"predecessor-version":[{"id":702,"href":"https:\/\/www.azabache-flamenco.de\/wordpress\/wp-json\/wp\/v2\/pages\/696\/revisions\/702"}],"wp:attachment":[{"href":"https:\/\/www.azabache-flamenco.de\/wordpress\/wp-json\/wp\/v2\/media?parent=696"}],"curies":[{"name":"wp","href":"https:\/\/api.w.org\/{rel}","templated":true}]}}