{"id":106,"date":"2017-01-05T15:48:04","date_gmt":"2017-01-05T14:48:04","guid":{"rendered":"http:\/\/www.azabache-flamenco.de\/wordpress\/?page_id=106"},"modified":"2023-10-31T11:55:38","modified_gmt":"2023-10-31T10:55:38","slug":"unterricht","status":"publish","type":"page","link":"https:\/\/www.azabache-flamenco.de\/wordpress\/unterricht\/","title":{"rendered":"UNTERRICHT"},"content":{"rendered":"<h2>In Berlin mit Jo\u00eblle Guerrero<\/h2>\n<p><strong>Leichte Mittelstufe<\/strong>: \u00a0Dienstag 18-19 Uhr<\/p>\n<p><strong class=\"rot2\">a comp\u00e1s Studio&amp;Location<\/strong><br \/>\nHasenheide 54, 10967 Berlin<br \/>\nInfo: 0172-187 9010<strong><br \/>\n<\/strong><\/p>\n<hr \/>\n<h2>In Potsdam mit Jo\u00eblle Guerrero<\/h2>\n<p><strong>Neuer Anf\u00e4nger-Kurs ab November: <\/strong>Mittwoch 20:15 Uhr<\/p>\n<p><strong>Anf\u00e4nger 2:<\/strong> Mittwoch 19:15 Uhr<br \/>\n<strong>Mittelstufe:<\/strong> Donnerstag 18:30 Uhr<br \/>\n<b>Fortgeschrittene:<\/b> Donnerstag 19:30 Uhr<\/p>\n<p class=\"adresse\"><strong class=\"rot2\">Waschhaus Potsdam<\/strong><br \/>\nStudiohaus Schiffbauergasse 4g<br \/>\nTel: 0172- 187 9010<br \/>\n<strong><a href=\"http:\/\/www.waschhaus.de\" target=\"_blank\" rel=\"noopener noreferrer\">www.waschhaus.de<\/a><\/strong><\/p>\n<hr \/>\n<p><small>Sch\u00fclerauftritt &#8222;Farruca&#8220;, Waschhaus Arena, Potsdam Mai 2009<br \/>\nGitarre: Rayko Schlee &amp; Hartmut Stimpel, Gesang: Rubin de la Ana, Cello: Peter K\u00f6hler, Leitung: Jo\u00eblle Guerrero<\/small><\/p>\n<p><span class=\"embed-youtube\" style=\"text-align:center; display: block;\"><iframe loading=\"lazy\" class=\"youtube-player\" width=\"525\" height=\"296\" src=\"https:\/\/www.youtube.com\/embed\/rYXYawuIEO8?version=3&#038;rel=1&#038;showsearch=0&#038;showinfo=1&#038;iv_load_policy=1&#038;fs=1&#038;hl=de-DE&#038;autohide=2&#038;wmode=transparent\" allowfullscreen=\"true\" style=\"border:0;\" sandbox=\"allow-scripts allow-same-origin allow-popups allow-presentation allow-popups-to-escape-sandbox\"><\/iframe><\/span><\/p>\n","protected":false},"excerpt":{"rendered":"<p>In Berlin mit Jo\u00eblle Guerrero Leichte Mittelstufe: \u00a0Dienstag 18-19 Uhr a comp\u00e1s Studio&amp;Location Hasenheide 54, 10967 Berlin Info: 0172-187 9010 In Potsdam mit Jo\u00eblle Guerrero Neuer Anf\u00e4nger-Kurs ab November: Mittwoch 20:15 Uhr Anf\u00e4nger 2: Mittwoch 19:15 Uhr Mittelstufe: Donnerstag 18:30 Uhr Fortgeschrittene: Donnerstag 19:30 Uhr Waschhaus Potsdam Studiohaus Schiffbauergasse 4g Tel: 0172- 187 9010 www.waschhaus.de &hellip; <\/p>\n<p class=\"link-more\"><a href=\"https:\/\/www.azabache-flamenco.de\/wordpress\/unterricht\/\" class=\"more-link\"><span class=\"screen-reader-text\">\u201eUNTERRICHT\u201c <\/span>weiterlesen<\/a><\/p>\n","protected":false},"author":1,"featured_media":0,"parent":0,"menu_order":0,"comment_status":"closed","ping_status":"closed","template":"","meta":{"_bbp_topic_count":0,"_bbp_reply_count":0,"_bbp_total_topic_count":0,"_bbp_total_reply_count":0,"_bbp_voice_count":0,"_bbp_anonymous_reply_count":0,"_bbp_topic_count_hidden":0,"_bbp_reply_count_hidden":0,"_bbp_forum_subforum_count":0,"jetpack_post_was_ever_published":false,"footnotes":""},"class_list":["post-106","page","type-page","status-publish","hentry"],"jetpack_sharing_enabled":true,"jetpack_shortlink":"https:\/\/wp.me\/P8gvdT-1I","jetpack-related-posts":[{"id":104,"url":"https:\/\/www.azabache-flamenco.de\/wordpress\/workshops\/","url_meta":{"origin":106,"position":0},"title":"WORKSHOPS","author":"admin","date":"5. Januar 2017","format":false,"excerpt":"Potsdam mit Joelle Guerrero 25. April 2026 Technik und Gesang im Studiohaus, Schiffbauergasse 4g , Waschhaus Potsdam Technik1 \u00a011.30-12.30h\u00a0 Gesang\u00a0 12.30-13.30h\u00a0 Technik2 \u00a013:45-14:45h Verbindliche Anmeldung:\u00a0 joelle.guerrero@web.de Info: 0172\/1879010 Ulm mit La Mona 9.&10.Mai 2026 Infos folgen... Tacken (Priegnitz) Brandenburg 8.-12. Juli 2026 mit Joelle Guerrero & La Mona (Tanz), Isabel\u2026","rel":"","context":"\u00c4hnlicher Beitrag","block_context":{"text":"\u00c4hnlicher Beitrag","link":""},"img":{"alt_text":"","src":"","width":0,"height":0},"classes":[]},{"id":226,"url":"https:\/\/www.azabache-flamenco.de\/wordpress\/termine\/","url_meta":{"origin":106,"position":1},"title":"TERMINE","author":"admin","date":"5. Januar 2017","format":false,"excerpt":"25. April 2026 Workshop mit Joelle Guerrero in Potsdam 9.\/10. Mai 2026 Workshop mit La Mona in Ulm 19.-29. Mai 2026 Flamenco-Ferien\u00a0 in Bolonia, Andalusien 8.-12. Juli 2026 Workshop mit azabache in Tacken \/ Brandenburg 22. Sept. - 2. Okt. 2026 Flamenco-Ferien\u00a0 in Bolonia, Andalusien \u00a0","rel":"","context":"\u00c4hnlicher Beitrag","block_context":{"text":"\u00c4hnlicher Beitrag","link":""},"img":{"alt_text":"","src":"https:\/\/i0.wp.com\/www.azabache-flamenco.de\/wordpress\/wp-content\/uploads\/2024\/01\/IMG-20230928-WA0048.jpg?resize=350%2C200","width":350,"height":200,"srcset":"https:\/\/i0.wp.com\/www.azabache-flamenco.de\/wordpress\/wp-content\/uploads\/2024\/01\/IMG-20230928-WA0048.jpg?resize=350%2C200 1x, https:\/\/i0.wp.com\/www.azabache-flamenco.de\/wordpress\/wp-content\/uploads\/2024\/01\/IMG-20230928-WA0048.jpg?resize=525%2C300 1.5x, https:\/\/i0.wp.com\/www.azabache-flamenco.de\/wordpress\/wp-content\/uploads\/2024\/01\/IMG-20230928-WA0048.jpg?resize=700%2C400 2x, https:\/\/i0.wp.com\/www.azabache-flamenco.de\/wordpress\/wp-content\/uploads\/2024\/01\/IMG-20230928-WA0048.jpg?resize=1050%2C600 3x, https:\/\/i0.wp.com\/www.azabache-flamenco.de\/wordpress\/wp-content\/uploads\/2024\/01\/IMG-20230928-WA0048.jpg?resize=1400%2C800 4x"},"classes":[]},{"id":643,"url":"https:\/\/www.azabache-flamenco.de\/wordpress\/vita-azabache\/","url_meta":{"origin":106,"position":2},"title":"Vita azabache Flamenco","author":"admin","date":"17. M\u00e4rz 2017","format":false,"excerpt":"2025 Sommer-Workshop\u00a0 \u201eKlein Bolonia\u201c zum sechsten Mal in Tacken, Brandenburg auf dem Hof von Guido El Tallo. Mit dabei Valle Monje und Luis El Peluca.\u00a0 Und nat\u00fcrlich Doris aus Eckernf\u00f6rde Recital in der kleinen, feinen Kirche von Tacken mit Luis (cante) und Valle\u00a0 (guitarra) Flamencoferien in Bolonia\u00a0 im Mai und\u2026","rel":"","context":"\u00c4hnlicher Beitrag","block_context":{"text":"\u00c4hnlicher Beitrag","link":""},"img":{"alt_text":"","src":"https:\/\/i0.wp.com\/www.azabache-flamenco.de\/wordpress\/wp-content\/uploads\/2026\/01\/Klein-Bolonia-2025-158-scaled.jpg?resize=350%2C200","width":350,"height":200,"srcset":"https:\/\/i0.wp.com\/www.azabache-flamenco.de\/wordpress\/wp-content\/uploads\/2026\/01\/Klein-Bolonia-2025-158-scaled.jpg?resize=350%2C200 1x, https:\/\/i0.wp.com\/www.azabache-flamenco.de\/wordpress\/wp-content\/uploads\/2026\/01\/Klein-Bolonia-2025-158-scaled.jpg?resize=525%2C300 1.5x, https:\/\/i0.wp.com\/www.azabache-flamenco.de\/wordpress\/wp-content\/uploads\/2026\/01\/Klein-Bolonia-2025-158-scaled.jpg?resize=700%2C400 2x, https:\/\/i0.wp.com\/www.azabache-flamenco.de\/wordpress\/wp-content\/uploads\/2026\/01\/Klein-Bolonia-2025-158-scaled.jpg?resize=1050%2C600 3x, https:\/\/i0.wp.com\/www.azabache-flamenco.de\/wordpress\/wp-content\/uploads\/2026\/01\/Klein-Bolonia-2025-158-scaled.jpg?resize=1400%2C800 4x"},"classes":[]},{"id":1445,"url":"https:\/\/www.azabache-flamenco.de\/wordpress\/ferien-de\/","url_meta":{"origin":106,"position":3},"title":"Flamencoferien in Bolonia","author":"admin","date":"6. Juli 2017","format":false,"excerpt":"Bolonia, Tarifa, Andalusien, direkt am Meer Das Projekt \u201eFlamencoferien in Bolonia\u201c entstand im Mai 1996. Im Mai 2026 feiern wir das Jubil\u00e4um \"30 Jahre Bolonia\"! Das spanische Bolonia ist wie ein kleines Paradies. Im Hostal \"Los Jerezanos\" f\u00fchlt man sich sehr schnell zu Hause und man ist \u00fcberrascht von der\u2026","rel":"","context":"\u00c4hnlicher Beitrag","block_context":{"text":"\u00c4hnlicher Beitrag","link":""},"img":{"alt_text":"","src":"https:\/\/i0.wp.com\/www.azabache-flamenco.de\/wordpress\/wp-content\/uploads\/2017\/03\/que_bueno_el_vino_fino.jpg?fit=756%2C640&ssl=1&resize=350%2C200","width":350,"height":200,"srcset":"https:\/\/i0.wp.com\/www.azabache-flamenco.de\/wordpress\/wp-content\/uploads\/2017\/03\/que_bueno_el_vino_fino.jpg?fit=756%2C640&ssl=1&resize=350%2C200 1x, https:\/\/i0.wp.com\/www.azabache-flamenco.de\/wordpress\/wp-content\/uploads\/2017\/03\/que_bueno_el_vino_fino.jpg?fit=756%2C640&ssl=1&resize=525%2C300 1.5x, https:\/\/i0.wp.com\/www.azabache-flamenco.de\/wordpress\/wp-content\/uploads\/2017\/03\/que_bueno_el_vino_fino.jpg?fit=756%2C640&ssl=1&resize=700%2C400 2x"},"classes":[]},{"id":834,"url":"https:\/\/www.azabache-flamenco.de\/wordpress\/impressum\/","url_meta":{"origin":106,"position":4},"title":"IMPRESSUM","author":"admin","date":"23. M\u00e4rz 2017","format":false,"excerpt":"azabache FLAMENCO F\u00fcrbringerstr. 12 D -10961 Berlin Tel: 030 \/ 6912017 eMail: info@azabache-flamenco.de Inhaltlich verantwortlich gem\u00e4\u00df \u00a7 18 Abs. 2 MStV: Jo\u00eblle Guerrero & La Mona (Anschrift wie oben) Webdesign: Jo Jacobs www.ic-multimedia.de Fotos auf dieser Webseite: Fabian Dill, Ullrich Gessner, Daniela Incoronato, Carsten Jost, Thomas Kiehl, Lucas Nagel, Marko\u2026","rel":"","context":"\u00c4hnlicher Beitrag","block_context":{"text":"\u00c4hnlicher Beitrag","link":""},"img":{"alt_text":"","src":"","width":0,"height":0},"classes":[]},{"id":101,"url":"https:\/\/www.azabache-flamenco.de\/wordpress\/kontakt\/","url_meta":{"origin":106,"position":5},"title":"KONTAKT","author":"admin","date":"16. Dezember 2016","format":false,"excerpt":"azabache Flamenco Postadresse: F\u00fcrbringerstr. 12, 10961 Berlin Telefon: +49 30 \/ 6912017 Joelle Guerrero: +49 172 \/ 1879010 La Mona: +49 1577 \/ 9759074 E-Mail an azabache FLAMENCO:","rel":"","context":"\u00c4hnlicher Beitrag","block_context":{"text":"\u00c4hnlicher Beitrag","link":""},"img":{"alt_text":"","src":"","width":0,"height":0},"classes":[]}],"_links":{"self":[{"href":"https:\/\/www.azabache-flamenco.de\/wordpress\/wp-json\/wp\/v2\/pages\/106","targetHints":{"allow":["GET"]}}],"collection":[{"href":"https:\/\/www.azabache-flamenco.de\/wordpress\/wp-json\/wp\/v2\/pages"}],"about":[{"href":"https:\/\/www.azabache-flamenco.de\/wordpress\/wp-json\/wp\/v2\/types\/page"}],"author":[{"embeddable":true,"href":"https:\/\/www.azabache-flamenco.de\/wordpress\/wp-json\/wp\/v2\/users\/1"}],"replies":[{"embeddable":true,"href":"https:\/\/www.azabache-flamenco.de\/wordpress\/wp-json\/wp\/v2\/comments?post=106"}],"version-history":[{"count":24,"href":"https:\/\/www.azabache-flamenco.de\/wordpress\/wp-json\/wp\/v2\/pages\/106\/revisions"}],"predecessor-version":[{"id":3146,"href":"https:\/\/www.azabache-flamenco.de\/wordpress\/wp-json\/wp\/v2\/pages\/106\/revisions\/3146"}],"wp:attachment":[{"href":"https:\/\/www.azabache-flamenco.de\/wordpress\/wp-json\/wp\/v2\/media?parent=106"}],"curies":[{"name":"wp","href":"https:\/\/api.w.org\/{rel}","templated":true}]}}